7*q**4/24 - q**3/3 - 6*q. Let x(z) be the second derivative of k(z). What is x(-6)?
-1
Let k = -16 + 12. Let m(r) = -r**3 - 5*r**2 - 6*r - 1. What is m(k)?
7
Let u = 32 + -26. Let k(a) = -a**3 + 7*a**2 - 5*a. What is k(u)?
6
Let w(u) = -u**2 + 7*u - 6. Let c = -2 - -8. Suppose -c*v + 4 = -5*v. Calculate w(v).
6
Let l(z) be the second derivative of -1/20*z**5 + 0 + 1/6*z**3 + 1/2*z**2 + 2*z - 1/3*z**4. Suppose g = -g - 8. Determine l(g).
-3
Let o(i) be the first derivative of i**5/20 + 5*i**4/12 + i**3/2 + i**2 - i + 1. Let x(c) be the first derivative of o(c). Calculate x(-4).
6
Let v(d) = -1. Let h(f) = 2*f + 8. Let r(z) = -h(z) - 2*v(z). What is r(-4)?
2
Let m(a) = a**2 + 6 - 3*a - 5 + 2*a + 0*a. Give m(1).
1
Let j(x) = 6*x + 2. Let z be (6/(-5)*-5)/2. Suppose 1 = l + z. Give j(l).
-10
Let t = 2 + -1. Let z(y) = y - 1. Let q(n) = 4*n - 5. Let l(w) = t*q(w) - 5*z(w). Let x be (-4)/(-1) + (1 - 0). Give l(x).
-5
Let t = 6 - 4. Let b(f) = -3*f + t + 5 + 2*f. Suppose 0 = -4*p + 2*m + 24, 2*p = 3*m + 5 + 15. What is b(p)?
3
Suppose -2*r + 3 = m - 1, -3*m = -3*r + 24. Let u(k) = -2*k**2 - 5*k + 1. Determine u(m).
-11
Let g(y) = -5*y + 1. Let d(i) = -6*i + 1. Let l(o) = 3*d(o) - 4*g(o). Let j = -11 + 9. What is l(j)?
-5
Let a(f) = 4*f**3 - 6*f**2 - 15*f - 6. Let m(b) = 2*b**3 - 3*b**2 - 7*b - 3. Let r(c) = -4*a(c) + 9*m(c). Give r(3).
15
Let m(h) = 3*h + 1. Suppose -2*y + 12 = -u + y, -4 = -y. Let a = -3 - u. Calculate m(a).
-8
Let g(d) = d + 52 - 51 + 0*d - 13*d**3 + d**2. Calculate g(-1).
14
Let g(o) = o + 4 - 138*o**3 + 0*o**2 + 137*o**3 - 3*o**2. Let k = 7 - 10. What is g(k)?
1
Let x(k) = -k - k**2 - 4*k**2 + 4*k**3 + 4*k**2 - 1. Let i be (-3)/(-1) - (-1 - -5). Determine x(i).
-5
Suppose 4*g = 5*f + 12, -g - 26 = 4*g + 4*f. Let n(i) = -2*i**3 - 7*i**2 - i + 3. Let a(u) = -u**2 + 1. Let y(c) = -4*a(c) + n(c). Calculate y(g).
5
Let o(z) = -5*z**2 + 4 + 3*z**2 - 1 - 1. Determine o(2).
-6
Let j(x) = -2 - 5*x**2 + 3*x**2 + 6*x - 3*x**2 + x**3. Let k = -75 - -79. What is j(k)?
6
Let k(w) = w**3 + 4*w**2 + 4*w + 1. Suppose -4 = 3*o + 3*g - 1, -22 = 4*o - 5*g. Determine k(o).
-2
Let v(y) = y**3 - y**2 + y + 1. Let z(o) = 5*o**3 + o**2 - 2*o + 12. Let n(w) = -4*v(w) + z(w). Determine n(-6).
8
Let n(d) = -d**2 + 3*d + 6. Let l(x) = -x**3 + x - 1. Let m be 2 - (1 + -1 - -4). Let z be l(m). Give n(z).
-4
Let r(n) = n**3 + 2*n**2 + 2*n - 2. Suppose -4 = 4*u, -2*u - 19 = -3*c - 5. Suppose 0 = -x + c + 4. Suppose -x*p - 2 = -7*p. Determine r(p).
-6
Let r(v) = -4*v + 3. Let x = 10 - 2. Suppose x = -c + 5*c. Give r(c).
-5
Suppose 3*j + 21 = 3. Suppose w + 4 = 2*w. Let g(c) = -w*c + 2*c + c - 7 + 2. What is g(j)?
1
Let j(g) = g**2 + 1. Let m(c) = -2*c**2 + 10*c + 5. Let f(o) = -3*j(o) - m(o). Give f(-7).
13
Let x(c) = c**2 - 2*c + 7*c**2 - 2 - c**3 + 0*c - 5*c. Calculate x(7).
-2
Let c(r) = -r**2 + 5*r + 4. Suppose 0*y + 2*y + 14 = 0. Let t = y + 12. What is c(t)?
4
Let y(w) be the third derivative of 5/24*w**4 - 1/60*w**5 + 0*w + 3*w**2 + 0 - 1/6*w**3. Let h be (-10)/(-4) - 1/(-2). Give y(h).
5
Let m(b) be the first derivative of b**4/4 + 2*b**3 + b**2/2 - b - 28. Determine m(-6).
-7
Let v(g) be the first derivative of -g**2/2 - 16*g - 11. Give v(-7).
-9
Let s(n) = 7*n**2 - 4*n**2 + 0 + 1 - 6*n**2. What is s(-1)?
-2
Let o = -1/180 - -4/45. Let m(v) be the third derivative of 2*v**2 + 1/3*v**3 + 1/120*v**6 - 1/12*v**5 + 0 + o*v**4 + 0*v. Calculate m(4).
-6
Let i(u) be the second derivative of -u**4/12 - u**3/3 + u**2 - 12*u. What is i(-5)?
-13
Let u(q) = -5*q + q + 9*q - 2 - q**2. Suppose 0 = -o - 5*w - 6, -2 = 3*w + 4. Suppose 2*f = y - 2*f + o, 2*y = -f + 10. Calculate u(y).
2
Let y be (-76)/5 - (-1)/5. Let k = 21 + y. Let f(b) = -k*b**2 - b**3 + 5*b**2 + 2*b + 2 - 1. What is f(2)?
-7
Let f(v) be the first derivative of 1 + 1/3*v**3 - 4*v + 0*v**2. Let j be f(3). Let g(z) = z**3 - 5*z**2 + z - 1. What is g(j)?
4
Let j(h) = -h + 1. Suppose -3 + 2 = t. Let z(g) = -g. Let w be z(t). Calculate j(w).
0
Let r = -89 + 92. Let f(h) be the second derivative of -1/12*h**4 + 0 + 1/6*h**3 - h**2 - r*h. What is f(3)?
-8
Let f(a) = -a**2 - 7*a - 5. Let y be f(-7). Let o = 0 - y. Suppose 5*i - o*q = 15, -2 = -5*i - 2*q + 13. Let p(w) = w**2 - 3*w - 2. Give p(i).
-2
Suppose r - 2 = 5*f, 5*r = -f - f - 17. Let v be 42/(-28)*4/(-3). Let p(a) = -3*a - 3*a - 2*a**v + a + a. Calculate p(r).
-6
Let u be (1 - -2) + -2 + -5. Let i(b) = 2*b + 1. Let p(f) = f + 1. Let d(w) = i(w) - 4*p(w). What is d(u)?
5
Let c(s) be the second derivative of 0 - 1/2*s**2 - 7*s - s**3. Calculate c(1).
-7
Suppose 6 = 3*s + 15. Let d(k) = -k**3 - 4*k**2 - 4*k + 1. What is d(s)?
4
Let o(u) = -u**3 - 8*u**2 - 7*u + 10. Suppose 0 = -g + 3*g + 3*c + 14, 4*c = 3*g + 21. What is o(g)?
10
Let t(q) = q + 9. Let i be (-1 - -2)*(3 - 2). Let v = 1 - i. Calculate t(v).
9
Let x(r) = r**2 + 3*r + 1. Let v = 5 - 6. Let w be 3/v*-1*-1. Give x(w).
1
Suppose -2*f = 3 + 1. Let i(d) = -d**3 + 6*d**2 + d - 3. Let s(t) = -t**3 + t + 1. Let c(b) = f*s(b) + i(b). Calculate c(-6).
1
Let x(k) = k**2 - 2*k + 2. Suppose 0 = u + 4 + 2. Let m be u/(-27) - 86/(-18). Let b(i) = -3*i**2 + 5*i - 5. Let s(z) = m*x(z) + 2*b(z). Calculate s(-1).
-1
Let j(d) be the third derivative of -d**9/60480 - d**8/2880 - d**7/720 - d**6/360 + d**5/12 + 4*d**2. Let c(p) be the third derivative of j(p). Determine c(-6).
4
Let v(g) be the first derivative of g**6/20 - g**4/12 + g**3/6 - 2*g**2 - 3. Let s(o) be the second derivative of v(o). Calculate s(1).
5
Let t(o) = o**3 + 4*o**2 - 2*o - 3. Let r = 3 + -7. What is t(r)?
5
Let v(m) be the second derivative of -1/20*m**5 + 0 + 0*m**3 - 1/4*m**4 + m**2 + m. What is v(-3)?
2
Let r be 27 - 2*2/4. Suppose -24 = 4*c - 2*l, 3*l - r = 2*c + 2*c. Let d(f) = -f - f + 3*f + 12. What is d(c)?
7
Let t(h) = 0*h + 6*h + h**3 + 5*h**2 - 4*h - 3. Give t(-4).
5
Let a(i) = 13*i + 3. Let l(v) = v - 4 + 2 - 4*v + 1. Let t(j) = -2*a(j) - 9*l(j). Let c = 11 - 15. Calculate t(c).
-1
Let n(x) be the first derivative of 2 - 2/3*x**3 - 3/4*x**4 - x + 1/2*x**2. What is n(-2)?
13
Suppose 7*z - 2*z + 2*o + 35 = 0, -5 = 2*z - o. Let t(g) be the second derivative of g**4/12 + 5*g**3/6 - 7*g**2/2 - 4*g. Determine t(z).
-7
Let o(q) = 30 - 4*q**2 + 24 + 2*q**3 + q - q**3 - 53. Let v(h) = h**2 + 6*h - 4. Let j be v(-7). What is o(j)?
-5
Suppose 3*w = 5*w + 5*x - 12, -12 = w - 2*x. Let k = 7 + w. Let g(h) = 3*h**k + h**2 + h**3 - 2 - h - 3*h**3. Give g(-2).
-4
Let v = -128 + 124. Let f(s) be the second derivative of s**5/20 + s**4/3 + s**3/3 + 2*s**2 + 2*s. Calculate f(v).
-4
Let d(p) = -p**2 + 0 + 16*p - 7*p - 5. Let y be d(8). Suppose -y*i = -0 - 12. Let w(h) = h + 1. Calculate w(i).
5
Let z(t) = -t**2 + 183*t - 90*t - 91*t + 5. Calculate z(4).
-3
Let b(d) be the first derivative of d**3/3 - d**2/2 - 4*d - 18. Calculate b(4).
8
Let y(i) = -i - 1. Let n(w) = -w**2 - 5. Let l(q) = n(q) - 5*y(q). Let u(o) = o. Let k be u(-2). Let g = 3 - k. What is l(g)?
0
Let y(i) = i**3 - 9*i**2 - 8*i - 14. Let k be y(10). Let o(m) be the second derivative of -m**4/12 + m**3/2 + 7*m**2/2 - 11*m. Give o(k).
-11
Let m(r) = -r**2 - r + 7. Let j = 7 + 4. Let u = j + -11. Calculate m(u).
7
Let s(r) = 9*r**2 + r + 1. Let t be s(-1). Let c(l) = -10 + t*l - 3*l - 7*l. Give c(-5).
-5
Let v(f) = f**3 - 5*f**2 - 8*f + 8. Let x be (-12)/10*2*(-20)/8. Give v(x).
-4
Let c = -5 + -1. Let y(o) = 3*o**3 + 6 - 4*o**3 + 7*o**2 + 7*o + 2*o**3. Give y(c).
0
Let o = -6 + 9. Let a(x) = -x**3 - 2*x**2 + 3*x + 2. Let t be a(-3). Let c(d) = -4*d - t*d + 10*d - 3. Give c(o).
9
Let o = -10 - -17. Let r(c) = -c - 2. What is r(o)?
-9
Let p be 1*2*(3 - 2). Let s(r) = -r. Let b be s(p). Let a(n) = -2*n**2 - 2*n - 2. Calculate a(b).
-6
Let l(v) = v**2 - 10*v + 5. Let i be l(10). Suppose 0 = -i*c + c + 16. Let o = c + -4. Let k(p) = p - 5. Determine k(o).
-5
Let g(i) = i**3 - 7*i**2 + 5*i - 2. Let b(z) = -z**3 - 5*z**2 + 6. Let w be b(-5). What is g(w)?
-8
Let l be ((-9)/3 + -44)/(-1). Let u = -29 + l. Let t be 42/(-54) + (-4)/u. Let i(v) = -9*v**3 - v - 1. Calculate i(t).
9
Let x(q) = -4*q - 1. Let h be x(1). Let s(m) = 7*m + 8 - 6 + m**2 + 5. Give s(h).
-3
Suppose -q - 2*m = 2*m - 24, 0 = 3*q - 2*m - 2. Let y(i) = -5 + 2 - 2*i + 6 + q. Calculate y(5).
-3
Let m(i) = -i**2 - 9*i - 7. S